 + (-1239 - -1239).
41
Calculate 35 + (-4 + 11 - 17) - 0 - (13 - 3).
15
What is 2446 + -2390 + 10 + 1 + 43?
110
What is -4 + 8 - (0 - (0 + -3) - (20 + -27))?
-6
-84 + (14 - 14 - ((2 - 4) + (72 - 73)))
-81
Calculate (76 - 4) + -146 + (0 - 0) + (1 - -2).
-71
What is 6 - 0 - (1 + (-33 - -13) - -53)?
-28
Evaluate (0 - (4 + -1) - (28 + (-7 - 8))) + -6.
-22
Evaluate 6 + 54 - (16 - (20 + 16)).
80
(1 - (16 - 19) - -16) + -22 + -2
-4
What is the value of -15 + (37 - (-2 - -31)) + -18?
-25
Evaluate 24 + -1 + 9 + (106 - 141).
-3
Evaluate 2 + (-1 - 7) + -265 + 311.
40
(2 - -4) + -8 + (-58 - -61) - -32
33
What is (-18 - 21) + 36 + 58?
55
30 - (8 - (30 + -33) - 33)
52
What is the value of -946 - -982 - (40 + -1)?
-3
What is (-33 - 31) + 56 + -68?
-76
What is -11 + -3 + 5 + -18 + 24 + -11?
-14
What is (19 - 20) + 6 + -16 - (48 - 4)?
-55
-56 + 138 + -162 + (3 - (0 + 24))
-101
Calculate 18 + 21 + -27 + -8 + 4 - 17.
-9
Evaluate (-37 - -32) + (-5 + 0 - 4 - (104 - 5)).
-113
Evaluate -33 + 10 - -22 - -31.
30
14 + (15 - (-5 - -144) - -22 - 8)
-96
What is -49 - -38 - -17 - -22?
28
What is the value of 6 + 0 - (-11597 - -11537)?
66
Evaluate (-17 + 22 - 39) + 17 + (7 - -3).
-7
What is 162 + 37 + (3 - 32 - 19)?
151
Calculate (160 - 170) + 67 + 49.
106
What is 5 + -6 - (-36 + 72)?
-37
Evaluate -4 + -53 - (-162 - -118).
-13
-54 - (0 + 38 - (-635 + 704))
-23
Evaluate -103 + 90 - ((-2 - -11) + -26) - (-13 - 1).
18
What is (6 - 6 - (20 + -9)) + -70?
-81
Calculate 26 + -10 + (71 - (-72 + 228)).
-69
Calculate -6 + 18 + -40 - -39.
11
What is 32 - (-11 + (-12 - -53) - -8)?
-6
What is -60 + 137 + -70 - (-25 + -2)?
34
What is 196 + -170 + (-168 - -1) - (-13 + 2)?
-130
Calculate -141 + (-121 - -265) + -6 + 0.
-3
Evaluate 10 - ((18 - 1 - (1 - -11)) + (142 - 7)).
-130
21 + -11 + 3 + -27 + -16
-30
What is the value of -9 + (-5 - -9) + (6 - (17 + -17)) - 51?
-50
What is the value of (50 - 120) + 4 + (23 - 2)?
-45
What is the value of (-1 - 2) + (5 - 15) - (1481 + -1461)?
-33
Evaluate 1 + -1 - ((-8 - 11 - -64) + (2 - 9)).
-38
What is the value of 3254 + -3306 + (-1 - (0 - (-6 + 0)))?
-59
Evaluate 13 + (-4 + 89 - 158).
-60
-39 + (0 - -5 - 24) - -37
-21
What is the value of (-3 - -5) + 179 + (-78 - -11)?
114
What is the value of (0 - 1) + (21 - 1) - (-9604 + 9614)?
9
Evaluate 5 - (7 + -10) - (-62 + 62).
8
-10 + (6 - (13 + 1 + -13 + -13)) + -6
2
(-102 - 1) + (26 - (-12 - -34) - -13)
-86
Calculate 39 - (36 - 12) - 58.
-43
Calculate 1 - 13 - ((43 - -19) + -31).
-43
What is the value of (-40 - -30) + (-4 - -3) + 12 + -1 + 13?
13
Calculate 5 + 6 + -14 + 16 + -9 - 30.
-26
What is the value of (5 - -31 - 6) + 30?
60
What is -33 - ((0 - 2 - (1 - (-40 + 38))) + 3)?
-31
What is the value of -7 + 19 + -7 - ((-16 - -14) + -23 - 110)?
140
What is the value of 75 + -132 + 25 + 110?
78
-56 + 59 + 14 - 47
-30
Calculate 11 + (46 + -19 - 88).
-50
What is -25 - 0 - (120 - 164)?
19
Evaluate -2 + -4 + -7 + 30 + -12 + -19.
-14
What is the value of (-4 + -4 - 0 - (6 - 6)) + 1 - 29?
-36
Calculate -31 - -52 - (14 - -12).
-5
What is the value of -18 - (1 - 16) - (18 + 42 + -4)?
-59
What is the value of (-20 - 3) + 489 + -478?
-12
What is the value of -33 - (51 + (13 - 45 - 16))?
-36
Evaluate 465 + -436 - (15 - 2).
16
What is the value of -53 - (2 + 24 + 16 + -45 + 3 + 1)?
-54
Calculate 16 - (23 + (-16 - -2)) - -28.
35
What is (69 - 1) + -13 + (66 - 65) + (-1 - 9)?
46
What is (-1 - 0 - -54) + (-205 - -201) + (76 - 88)?
37
Evaluate (-12 - -19) + -33 + 24 - -28.
26
What is (5 - -14 - (2 + 5 - (3 - 3))) + -17?
-5
What is the value of 13 + (1 + 0 - (5 + 4)) + (-457 - -401)?
-51
What is the value of 8 + -62 - -77 - (14 + 0) - -39?
48
What is -15 - (65 + -37 - 46)?
3
What is the value of 39 + -4 + -23 + 12 - 65?
-41
(76 - 108) + -41 - -25
-48
Evaluate 4040 + -3970 + (-3 + -1 - -1).
67
(8 + (0 - 3) + -5 - (35 + -71)) + -9
27
What is the value of -112 - (154 + -89 + -216)?
39
Calculate 94 - (-66 + 24 + 97).
39
Calculate -143 - (121 + -107 + -9 + -35).
-113
What is the value of -1 - (-6 - -79 - (18 - 8) - -7)?
-71
What is the value of (-70 - (0 + -5)) + (21 - -45 - 83)?
-82
Calculate -9 + 8 + (-1 - -66) - ((6 - -48) + -55).
65
What is -50 + -2 + 398 + -373?
-27
What is -77 + (-77 - -141) + 0 + -1 - 53?
-67
((-13 + 1 - -19) + -14 - 2) + 52
43
Calculate 9 - (-79 + 24 + 76).
-12
What is the value of -5 - ((35 + -61 - 8) + 149)?
-120
What is the value of 2 + -10 + (-12 + -3 - (-40 - -17)) + -28?
-28
What is the value of 26 - 34 - 13 - (-5 - 18)?
2
Calculate -12 + (-24 - (-46 - -12)).
-2
(119 - (1 + 3)) + -50 + 52
117
Calculate (-7 - -24) + -4 - 65.
-52
Calculate 29 - (2 - (1 + -18)) - 7.
3
Evaluate -26 - (-50 + 4 + 31).
-11
-8 - (-12 + -12 + (20 - -40) + -23)
-21
(-167 + 45 - 3) + 20
-105
What is (-1 - 66) + 7083 + -7054?
-38
23 + -19 - (-6 + 7 + -1 + -11)
15
Evaluate -2 + -95 + (47 - -193).
143
Calculate 0 - 7 - (-28 + (-32 - -34) + -31).
50
What is the value of -18 - (17 - 65 - -28) - (55 + 0 + -1)?
-52
Calculate -2 + -55 + (-890 - -974).
27
What is 2 + -6 - (39 - (47 - -9) - (-29 + -1))?
-17
What is (-133 - (6 - 14) - -27) + 25?
-73
What is the value of (1 - 7) + -5 - (286 - 271)?
-26
Evaluate 2 - -10 - (-21 + -23 + -7 + 14).
49
5 - -21 - (-809 + 812)
23
(-15 + 10 - 9 - 3) + 0 + 3
-14
Calculate (-7 - (8 - 24) - 30) + 72.
51
Calculate (-119 - -154) + -31 - (4 + -2 + 3).
-1
What is 14 + (-50 + 36 - 22)?
-22
14 + -7 - (-46 + 40 - (-16 + -2))
-5
Evaluate 15 + 1 + -19 + 36 + -20 + 6.
19
-95 + 16 + (-382 - -406)
-55
Evaluate -2 - ((-24 - -6) + 21) - (-2 + -15).
12
What is the value of 18 + (-59 - -25) + -3?
-19
(4 - (9 + 4)) + 24 + (11 - 42)
-16
What is the value of (-14 - -1 - (154 + -185 + -3 + 69)) + 7?
-41
What is -17 - 75 - (14 + -11 + -5 - -8)?
-98
Evaluate (-11 + 11 - -5) + 29 + -20.
14
What is the value of -1 + -2 + 2 - (93 + -4 + -77)?
-13
Calculate (52 - 38) + (3 - 21) - 30.
-34
What is 0 + 25 + (586 - 694) + 31?
-52
Calculate -6 + -14 + 6 + 14 - 33.
-33
What is the value of -7 - -30 - (161 - (-3 - 11 - -23))?
-129
Evaluate (50 - -6) + 14 + (38 - 44).
64
Calculate 30 - (4 + -24 + (6 - (17 - 19)) + 8).
34
-32 - -42 - (1 + 3 + (-3 - -1))
8
Evaluate (-411 - -421) + (0 + -1 - -20).
29
What is the value of ((-22 - -19) + -5 - 8) + 54?
38
Evaluate (-17 - 26) + -2 - -18.
-27
What is the value of 15 + -18 + 2 - (-49 - (3 - 7 - 0))?
44
45 - (-19 - -87) - -35
12
Evaluate (3 - 3) + 15 + 6 + -10 + -16.
-5
Evaluate -2 + 16 - ((50 - (8 - 10)) + 0).
-38
Evaluate 82 - 88 - (-24 + -1).
19
Evaluate 2 + -16 - (1 - (-11 - (0 - 2))).
-24
(13 - 35) + 27 - (-2 + -59 + (-22 - -15))
73
-34 + (-1 - (0 + -4) - (-2 - (8 - 8)))
-29
What is -24 + 28 - (-2 + (7 - -8) - -5)?
-14
What is (1435 - 1419) + (-10 - -1) - -72?
79
What is -6 - ((1 - (-23 + (10 - 0 - -4))) + 40)?
-56
Calculate (-10 - -52) + (5 - -64 - 77).
34
What is the value of 8 + 11 + 0 - (21 - 0)?
-2
115 - (102 + (-194 - -93))
114
Evaluate 11 + -1 + -13 + 31 + 35.
63
-32 + 8 - -7 - -19 - (93 + -1)
-90
Evaluate 143 - (-121 - -47) - 97.
120
Calculate (102 + -73 - 69) + 18 + -3 + 2.
-23
What is the value of -9 + (-17 - 7 - -27) + (-4 + 2 - 6)?
-14
What is the value of -1 + -17 - (-52 + 149 - 119)?
4
Evaluate 209 - 160 - (-1 + -2) - (-41 - -39).
54
Calculate 21 + (56 - 5) + -59.
13
What is 0 + 4 + -10 + -3 + 10 - (-26 - -5)?
22
Calculate (-23 - -9) + 133 + (2 - -3 - 9) + 1.
116
7 + -4 - (0 - -127) - (1427 - 1447)
-104
-27 + (-78 - 10 - -52)
-63
(1 + -1 - (-1 - -2 - 6)) + 298 + -352
-49
Evaluate 3 - (48 + -18) - -31.
4
Evaluate (734 - 640) + (-3 - 2) + -35.
54
Calculate 6 + (-38 + 3 - (-36 + 46 + 6)).
-45
What is (59 - (63 + -51)) + -84?
-37
Evaluate 12 + -1 - (42 + 7 + (10 - 4)).
-44
Calculate -1 - (2 + -4) - (-9 + -1) - (-1173 - -1179).
5
What is (5 + -5 - 86) + 18 + 18 + -23?
-73
Evaluate 1 + (17 - 41 - -3) - (14 + 0).
-34
Evaluate 45 + -60 + (98 - 92).
-9
Calculate -245 + -43 + 96 + 122.
-70
0 - -1 - (-3 + 32 - 15)
-13
3 + -13 + (-6 - -10) + 6 - 21
-21
-40 + (12 - (7 - -19 - -5)) + -1 + 8
-52
Calculate 835 + -855 + (-25 - 2).
-47
What is the value of 24 + -2 - (219 - 186) - 21?
-32
What is the value of 12 + 25 + -11 - ((-2 - 1) + 13)?
16
What is 6844 - 6830 - (16 + 0 - 0)?
-2
Calculate 7 + 18 + (-14 - 42) - 24.
-55
What is the value of 6 - -22 - (-4 - -56 - -45)?
-69
Evaluate -26 + 0 